{"id":20,"date":"2023-02-07T10:47:31","date_gmt":"2023-02-07T10:47:31","guid":{"rendered":"http:\/\/jatek.sarvar.hu\/szokereso\/?page_id=20"},"modified":"2023-03-22T10:19:25","modified_gmt":"2023-03-22T10:19:25","slug":"jatek","status":"publish","type":"page","link":"https:\/\/jatek.sarvar.hu\/szokereso\/","title":{"rendered":"J\u00e1t\u00e9k"},"content":{"rendered":"","protected":false},"excerpt":{"rendered":"","protected":false},"author":1,"featured_media":0,"parent":0,"menu_order":0,"comment_status":"closed","ping_status":"closed","template":"","meta":{"_acf_changed":false,"footnotes":""},"class_list":["post-20","page","type-page","status-publish","hentry"],"acf":[],"yoast_head":"<!-- This site is optimized with the Yoast SEO plugin v24.0 - https:\/\/yoast.com\/wordpress\/plugins\/seo\/ -->\n<title>J\u00e1t\u00e9k - S\u00e1rv\u00e1r Sz\u00f3keres\u0151<\/title>\n<meta name=\"robots\" content=\"index, follow, max-snippet:-1, max-image-preview:large, max-video-preview:-1\" \/>\n<link rel=\"canonical\" href=\"https:\/\/jatek.sarvar.hu\/szokereso\/\" \/>\n<meta property=\"og:locale\" content=\"hu_HU\" \/>\n<meta property=\"og:type\" content=\"article\" \/>\n<meta property=\"og:title\" content=\"J\u00e1t\u00e9k - Nyerj s\u00e1rv\u00e1ri wellness pihen\u00e9st!\" \/>\n<meta property=\"og:description\" content=\"Tal\u00e1ld meg min\u00e9l gyorsabban a \u201cbet\u0171rengetegben\u201d elrejtett szavakat!\" \/>\n<meta property=\"og:url\" content=\"https:\/\/jatek.sarvar.hu\/szokereso\/\" \/>\n<meta property=\"og:site_name\" content=\"S\u00e1rv\u00e1r Sz\u00f3keres\u0151\" \/>\n<meta property=\"article:modified_time\" content=\"2023-03-22T10:19:25+00:00\" \/>\n<meta property=\"og:image\" content=\"https:\/\/jatek.sarvar.hu\/szokereso\/wp-content\/uploads\/2023\/03\/sarvar-sablon-szokereso.png\" \/>\n\t<meta property=\"og:image:width\" content=\"1014\" \/>\n\t<meta property=\"og:image:height\" content=\"487\" \/>\n\t<meta property=\"og:image:type\" content=\"image\/png\" \/>\n<meta name=\"twitter:card\" content=\"summary_large_image\" \/>\n<script type=\"application\/ld+json\" class=\"yoast-schema-graph\">{\"@context\":\"https:\/\/schema.org\",\"@graph\":[{\"@type\":\"WebPage\",\"@id\":\"https:\/\/jatek.sarvar.hu\/szokereso\/\",\"url\":\"https:\/\/jatek.sarvar.hu\/szokereso\/\",\"name\":\"J\u00e1t\u00e9k - S\u00e1rv\u00e1r Sz\u00f3keres\u0151\",\"isPartOf\":{\"@id\":\"https:\/\/jatek.sarvar.hu\/szokereso\/#website\"},\"datePublished\":\"2023-02-07T10:47:31+00:00\",\"dateModified\":\"2023-03-22T10:19:25+00:00\",\"inLanguage\":\"hu\",\"potentialAction\":[{\"@type\":\"ReadAction\",\"target\":[\"https:\/\/jatek.sarvar.hu\/szokereso\/\"]}]},{\"@type\":\"WebSite\",\"@id\":\"https:\/\/jatek.sarvar.hu\/szokereso\/#website\",\"url\":\"https:\/\/jatek.sarvar.hu\/szokereso\/\",\"name\":\"S\u00e1rv\u00e1r Sz\u00f3keres\u0151\",\"description\":\"\",\"potentialAction\":[{\"@type\":\"SearchAction\",\"target\":{\"@type\":\"EntryPoint\",\"urlTemplate\":\"https:\/\/jatek.sarvar.hu\/szokereso\/?s={search_term_string}\"},\"query-input\":{\"@type\":\"PropertyValueSpecification\",\"valueRequired\":true,\"valueName\":\"search_term_string\"}}],\"inLanguage\":\"hu\"}]}<\/script>\n<!-- \/ Yoast SEO plugin. -->","yoast_head_json":{"title":"J\u00e1t\u00e9k - S\u00e1rv\u00e1r Sz\u00f3keres\u0151","robots":{"index":"index","follow":"follow","max-snippet":"max-snippet:-1","max-image-preview":"max-image-preview:large","max-video-preview":"max-video-preview:-1"},"canonical":"https:\/\/jatek.sarvar.hu\/szokereso\/","og_locale":"hu_HU","og_type":"article","og_title":"J\u00e1t\u00e9k - Nyerj s\u00e1rv\u00e1ri wellness pihen\u00e9st!","og_description":"Tal\u00e1ld meg min\u00e9l gyorsabban a \u201cbet\u0171rengetegben\u201d elrejtett szavakat!","og_url":"https:\/\/jatek.sarvar.hu\/szokereso\/","og_site_name":"S\u00e1rv\u00e1r Sz\u00f3keres\u0151","article_modified_time":"2023-03-22T10:19:25+00:00","og_image":[{"width":1014,"height":487,"url":"https:\/\/jatek.sarvar.hu\/szokereso\/wp-content\/uploads\/2023\/03\/sarvar-sablon-szokereso.png","type":"image\/png"}],"twitter_card":"summary_large_image","schema":{"@context":"https:\/\/schema.org","@graph":[{"@type":"WebPage","@id":"https:\/\/jatek.sarvar.hu\/szokereso\/","url":"https:\/\/jatek.sarvar.hu\/szokereso\/","name":"J\u00e1t\u00e9k - S\u00e1rv\u00e1r Sz\u00f3keres\u0151","isPartOf":{"@id":"https:\/\/jatek.sarvar.hu\/szokereso\/#website"},"datePublished":"2023-02-07T10:47:31+00:00","dateModified":"2023-03-22T10:19:25+00:00","inLanguage":"hu","potentialAction":[{"@type":"ReadAction","target":["https:\/\/jatek.sarvar.hu\/szokereso\/"]}]},{"@type":"WebSite","@id":"https:\/\/jatek.sarvar.hu\/szokereso\/#website","url":"https:\/\/jatek.sarvar.hu\/szokereso\/","name":"S\u00e1rv\u00e1r Sz\u00f3keres\u0151","description":"","potentialAction":[{"@type":"SearchAction","target":{"@type":"EntryPoint","urlTemplate":"https:\/\/jatek.sarvar.hu\/szokereso\/?s={search_term_string}"},"query-input":{"@type":"PropertyValueSpecification","valueRequired":true,"valueName":"search_term_string"}}],"inLanguage":"hu"}]}},"_links":{"self":[{"href":"https:\/\/jatek.sarvar.hu\/szokereso\/wp-json\/wp\/v2\/pages\/20","targetHints":{"allow":["GET"]}}],"collection":[{"href":"https:\/\/jatek.sarvar.hu\/szokereso\/wp-json\/wp\/v2\/pages"}],"about":[{"href":"https:\/\/jatek.sarvar.hu\/szokereso\/wp-json\/wp\/v2\/types\/page"}],"author":[{"embeddable":true,"href":"https:\/\/jatek.sarvar.hu\/szokereso\/wp-json\/wp\/v2\/users\/1"}],"replies":[{"embeddable":true,"href":"https:\/\/jatek.sarvar.hu\/szokereso\/wp-json\/wp\/v2\/comments?post=20"}],"version-history":[{"count":1,"href":"https:\/\/jatek.sarvar.hu\/szokereso\/wp-json\/wp\/v2\/pages\/20\/revisions"}],"predecessor-version":[{"id":21,"href":"https:\/\/jatek.sarvar.hu\/szokereso\/wp-json\/wp\/v2\/pages\/20\/revisions\/21"}],"wp:attachment":[{"href":"https:\/\/jatek.sarvar.hu\/szokereso\/wp-json\/wp\/v2\/media?parent=20"}],"curies":[{"name":"wp","href":"https:\/\/api.w.org\/{rel}","templated":true}]}}